ded by j?
8
Suppose 3*r + 5*y = 970, -2*r = -96*y + 94*y - 636. Calculate the remainder when r is divided by 169.
151
Suppose 0 = 2*o - 5*o - 250 + 289. Let s(u) = 2*u**2 + 3*u - 4. What is the remainder when s(6) is divided by o?
8
Suppose 2*n - 4*r = -10 - 2, 3 = -5*n + r. Suppose -3*m = -n*m - x - 557, 4*x = -3*m + 547. What is the remainder when m is divided by (-6)/9*-48 + -1?
30
Suppose 0 = -o - 10 + 26. Let y(u) = 3*u + 0*u - 2*u + o. What is the remainder when 43 is divided by y(9)?
18
Let x(j) = 28*j**2 - 18*j + 9. Calculate the remainder when x(6) is divided by 114.
111
Suppose -107*l + 112*l = 1713 + 2237. What is the remainder when 2373 is divided by l?
3
Suppose -5*j + 294 = 4*a, 4*j - 114 - 162 = 7*a. Calculate the remainder when 259 is divided by j.
11
Let v = 48 - 24. Calculate the remainder when 118 is divided by (0 + v/(-10))*-10.
22
Suppose 0 = 159*q - 7750 - 5447. Suppose 3*i = -0*i. Suppose 3*r - 7*j - 58 = -2*j, r + 2*j - 23 = i. What is the remainder when q is divided by r?
20
Let a = -85 + 81. Calculate the remainder when 16/(70/15 + a) is divided by (-12)/5*20/(-6).
0
Let j be 2/(-3) - 26/(-39). Suppose j*t - t - 207 = 0. Let b = t - -350. Calculate the remainder when b is divided by 36.
35
Suppose 0 = -4*y + 4*d + 736, 5*d - 208 = -y + 10*d. Calculate the remainder when 344 is divided by y.
166
Suppose 0 = 3*w - 181 - 26. Suppose -17*g + 18*g - 219 = 0. Let j = 254 - g. What is the remainder when w is divided by j?
34
Let a(u) = u**3 + u + 14. Let t(f) = 10*f**2 + 14*f + 62. Let m be t(-6). Let z = m + -302. What is the remainder when z is divided by a(0)?
8
Let v(r) be the second derivative of -5*r**3/6 - 9*r**2 - 53*r. Suppose 5*t = -9 - 21. Calculate the remainder when v(t) is divided by 5.
2
Let v = -2971 - 893. What is the remainder when (-1 - 4/(-6))/(28/v) is divided by 24?
22
Calculate the remainder when (0 + 4)*108279/636 is divided by 246.
189
Let i be ((-6012)/(-48))/(18/8 + -2). Suppose 10*q - i + 51 = 0. Calculate the remainder when 87 is divided by q.
42
Let i(k) = k**2 + 28*k - 618. Calculate the remainder when 1285 is divided by i(15).
16
Suppose -336 = -16*l - 48. What is the remainder when (13 - 480/36) + (-428)/(-6) is divided by l?
17
Suppose -m + 6*d = -3602, -5*m + 4*m - 5*d = -3690. What is the remainder when m is divided by 21?
17
Suppose 3*r = -34 + 40. Suppose -3 = a - r, 2*z + a - 19 = 0. Suppose -2*g + z = -2. Calculate the remainder when 10 is divided by g.
4
Let v(h) = 11*h**3 + 5*h - 4. Let q = 146 - 91. Calculate the remainder when q is divided by v(1).
7
Suppose -68838 = -120*t + 106*t. What is the remainder when t is divided by 15?
12
Suppose -5*v + 783 = 2*o, -14*o + 77*v = 74*v - 5595. Calculate the remainder when o is divided by 201.
198
Let h = -1473 + 1017. Let k = h + 730. What is the remainder when k is divided by 56?
50
Suppose 1159 = -15*x + 3799. Calculate the remainder when x is divided by 80/(-72) + (-280)/(-9).
26
What is the remainder when 141 is divided by (16/(-6))/(-5*(-28)/(-630))?
9
Let r(d) = d**3 + 77*d**2 + 74*d + 612. Calculate the remainder when r(-76) is divided by 48.
44
Suppose 4*z + 2700 = y, 2*y + 10*z = 12*z + 5364. Calculate the remainder when y is divided by 168.
156
Let y(l) = -2*l**2 + 18*l - 30. Let f be y(10). Let z be (-1 - f) + 0/(-9). Let k = z + -23. Calculate the remainder when k is divided by 7.
5
Suppose 2*j - 157*j + 21371 = 146*j. What is the remainder when j is divided by 7?
1
What is the remainder when 56 is divided by (-4)/(-46) - ((-4279)/253 - 3)?
16
Let d(p) = -4*p**2 - 4*p**3 - 1359 + 1360 + 5*p**3 + 3*p. Let b = -6 - -11. What is the remainder when d(b) is divided by 22?
19
Let p(m) = -3*m**2 + 35*m + 59. Let d(i) = -2*i**2 + 23*i + 39. Let u(x) = 8*d(x) - 5*p(x). What is the remainder when 46 is divided by u(9)?
12
Let l = -3219 + 3251. Calculate the remainder when 525 is divided by l.
13
Let h = -6 - -25. Calculate the remainder when 14/56 + 870/8 is divided by h.
14
Suppose -132*u + 146*u = 8834. What is the remainder when u is divided by 45?
1
Let z(v) = 445*v + 267. Calculate the remainder when z(5) is divided by 104.
100
Let k be (-102)/(-27) + 12/54. Suppose 5*u = -p - k, 61 = 5*p - 4*u + 2*u. What is the remainder when 54 is divided by p?
10
Suppose 4*l - 5 = 4*v + 19, -3*l - 5*v = -42. Suppose -7*u + 14 = -0*u. Suppose u*p = -p + 39. Calculate the remainder when p is divided by l.
4
Suppose 0*i + 20*i - 1560 = 0. Suppose 3*s = 2*z + 128, 5*s - 205 = -5*z - 0*z. What is the remainder when i is divided by s?
36
Calculate the remainder when 75 is divided by (1 - 3)/(600/(-46) + 0 - -13).
29
Calculate the remainder when 292 is divided by ((-8)/28)/(51/(-21420)).
52
Suppose -3*z + 3*q + 202 = 136, -2*z = -5*q - 41. Calculate the remainder when 195 is divided by z.
11
Let b(n) = 63*n + 18522 + 2*n**3 + n**3 - 18455 - 4*n**3 - 17*n**2. What is the remainder when b(-20) is divided by 3?
1
Suppose 24 = 3*h - 4*b, 5*h - 63 = -0*h - b. Let z(s) = 90*s + s**2 - 95*s - 6 + 3*s**2. Calculate the remainder when z(-5) is divided by h.
11
Let v = 12501 + -12034. What is the remainder when 814 is divided by v?
347
Let o be (3/(-12))/((-3)/(-12))*-829. Let d = o - 581. What is the remainder when d is divided by 85?
78
Let j = -15422 - -15434. What is the remainder when 2435 is divided by j?
11
Calculate the remainder when (-5)/(-30) - 8146*1/(-12) is divided by 34.
33
What is the remainder when 500 is divided by (938/(-2345))/(-1*(-1)/(-210))?
80
Let s = 0 - -3. Suppose 3*k - 86 = -5*p, -20 = -s*p - 2*k + 32. Suppose -50 = -x + f + 37, -x + 42 = 4*f. Calculate the remainder when x is divided by p.
14
Suppose 1075*n = 1073*n + 2*m + 390, -2*m = n - 201. Calculate the remainder when 965 is divided by n.
177
Suppose 0 = -i + 4*i - 1875. Suppose -14*k = 11*k - i. What is the remainder when 95 is divided by k?
20
Let p = -4617 + 4885. What is the remainder when p is divided by 57?
40
Let t = 364 + -322. Let p = 22 - -24. Suppose 536 = -t*r + p*r. What is the remainder when r is divided by 27?
26
Let z(j) = -73*j + 5995. Calculate the remainder when z(72) is divided by 53.
50
Suppose -3*d = -12, 4*b - 37 = -2*d + 63. Let y = 291 - 412. Let k = 133 + y. What is the remainder when b is divided by k?
11
Let p(h) = 5*h**3 - 140*h**2 + h - 4. What is the remainder when 426 is divided by p(28)?
18
Suppose -120 = -5*f - 5*v, 0 = 4*f - 2*v - 35 - 55. Calculate the remainder when f is divided by 7.
2
Let f be (-198)/(-15) - 2/(40/4). Suppose 0 = f*p - 11*p - 210. Let c = 165 - p. Calculate the remainder when c is divided by 16.
12
Let b = -382 - -406. Suppose 0 = -18*w + b*w - 366. What is the remainder when 363 is divided by w?
58
Let w = -5300 - -5300. Let j = 1 - -1. Suppose -n + 36 = u - 3, -j*n - u + 78 = w. What is the remainder when n is divided by 17?
5
Let s(x) be the second derivative of -x**4/3 - x**3/3 + 14*x**2 - 18*x. Calculate the remainder when s(0) is divided by 8.
4
Let h(q) = -q**3 + 13*q**2 + 3. Let o be h(13). Calculate the remainder when 32 is divided by -3*(4 - 13)*2/o.
14
Let m = -60 - -66. Suppose -m*v + 275 = -571. What is the remainder when v is divided by 56?
29
Suppose -74*k = 6*k - 22000. Calculate the remainder when k is divided by 127.
21
What is the remainder when 8/32 + 390/8 + -6 + 9 is divided by 29?
23
Let a be -3 - -1 - 4/(-2). Suppose -w + a*w - 33 = -4*f, 4*f = 2*w + 30. Let i(t) = -489*t + 23495. Calculate the remainder when i(48) is divided by f.
5
Let x = -22 + 36. Let j be (-1 - -3)/(-11*(-11)/242). Suppose 3*m - 8*m + 121 = -o, j*m - 5*o = 80. Calculate the remainder when m is divided by x.
11
Let g = -12 + 132. Suppose 2*f + f + g = 0. Let t = 90 - f. Calculate the remainder when t is divided by 19.
16
Let l = 501 - 246. What is the remainder when 511 is divided by l?
1
Let t be -42 + 56/(3 + 5). What is the remainder when 122 is divided by (-1)/(7/t) + 37?
38
Let j = -479 - -676. Let f = j + -151. Let l(t) = t**2 - 4*t + 7. Calculate the remainder when f is divided by l(5).
10
Suppose -736 = 16*b - 1440 - 1024. Let v(p) = 9*p**2 - 1. What is the remainder when b is divided by v(-2)?
3
Let x(u) = -8*u + 793. Calculate the remainder when x(98) is divided by 15/6 + 1/2.
0
Let o(l) = 2*l**2 - 5*l - l**2 - l**3